pose j = -3*j - 68. What are the prime factors of 5/1 - (j - -15)?
7
Let y be 7/3 + 2/3. Suppose -y*j = -4*j + 3. Suppose 4*a - 2 = j*a. List the prime factors of a.
2
Suppose 0*z - 5*z + 2*v = -35, 5*v = -25. Suppose 3 = -3*r - 2*i - 2*i, 5*r - 27 = 4*i. Suppose 7*w - 3*y - 9 = r*w, z*w + y = 16. List the prime factors of w.
3
Let g(q) = q**3 + 3*q**2 - 4*q + 3. Let v be (2/(-7))/((-1)/7). Suppose -3*s = 4*o + 2*s + 6, v*o + 4*s = 0. List the prime factors of g(o).
3
Suppose 0 = 5*r + i - 2*i - 771, 0 = r + 4*i - 171. List the prime factors of r.
5, 31
Suppose 4*x + 3*o - 9 = 0, x + 5*o - 10 - 5 = 0. Suppose x = 2*i - 21 - 5. List the prime factors of 2/(0 - (-2)/i).
13
Let p = -5 - -1. Let k be (6/p)/(6/(-704)). What are the prime factors of k/24 - (-1)/(-3)?
7
Let g be 8151/(-231) - (5/7 + -1). Let s be 15*(5/(-3) - 0). Let o = s - g. List the prime factors of o.
2, 5
Let c be 4/6 - (-664)/12. Let l = -30 + c. List the prime factors of l.
2, 13
List the prime factors of 201/12*(-1 + 5).
67
Suppose 9*r = 7*r + 8. Suppose -r*s = -3*w + 32, 4*s - 12 = -w + 5*s. What are the prime factors of w?
2
Let v be (6/5)/((-4)/(-10)). Suppose 246 = 3*a - 5*i, -4*i = i + 15. Suppose 0 = 5*g + 3*z - a, -2 + 1 = -g + v*z. List the prime factors of g.
13
Suppose -2*j = 3*v - 13, 2*v + 2*j - 5*j - 13 = 0. Suppose -11 = -3*u - 2, -25 = -y - v*u. List the prime factors of y.
2, 5
Suppose -3*s - 5*y = 38, s + 26 = 5*y - 0*y. Let n = -9 - s. Suppose -n*d + 2*d + 45 = 0. What are the prime factors of d?
3
Suppose 6*s - 3 = 7*s. Let v = 1 - s. Suppose x - 12 = -z, -67 = -v*z + 4*x - 19. List the prime factors of z.
2, 3
Let z(b) = 25*b**3 + b**2 - 3*b**2 + 3*b**2. What are the prime factors of z(1)?
2, 13
What are the prime factors of 2/(-9) + (-5488)/(-72)?
2, 19
Let t be 2/(-3) - 160/(-15). Let j(f) = -f**3 + 10*f**2 + 11*f. Let a be j(11). Suppose 2*m - 8 - t = -o, -5*o - 20 = a. List the prime factors of m.
11
Let w be 6/(1 + (2 - 1)). Suppose 2*a = -w*a + 2*i + 92, -a - 2*i + 28 = 0. What are the prime factors of a?
2, 5
Let s = 9 - 7. Suppose -3*r - 3 = -o - 63, -s*r - 3*o + 40 = 0. What are the prime factors of r?
2, 5
Suppose 0 = -5*f + 25, 4*y + 2*f = -0*y - 822. Let u be y/(-56) - (-4)/14. Suppose -u*n + 25 = n. What are the prime factors of n?
5
Let j(f) = f**2 - 7*f - 5. Let x be j(7). Let n = x + 15. List the prime factors of n.
2, 5
Suppose 4*o - 31 = 3*o. List the prime factors of o.
31
Suppose 3*p = -0*g - 3*g, 0 = 5*g - 2*p. Suppose -3*m - 4*l + 65 = g, 3*m - 5*l + 13 - 114 = 0. List the prime factors of m.
3
Let b(g) = -g**3 + g + 9. Let k be b(0). Suppose 24 = z - 0*z. List the prime factors of (6/4)/(k/z).
2
Suppose 164 = 2*u + 2*u. What are the prime factors of u?
41
Suppose 0*s + 5*s = 20. Let g = 11 + s. Suppose 0 = -2*r - 3*r + g. List the prime factors of r.
3
Let l(z) = 2*z - 6. Let p be l(-4). Suppose -77 = 3*b - 17. Let n = p - b. List the prime factors of n.
2, 3
Suppose 10*h = -7*h + 3230. What are the prime factors of h?
2, 5, 19
Let v(c) = -c**3 - 11*c**2 - c - 7. Let k be v(-11). Suppose 4*p = -2*h - p + 60, -156 = -k*h - p. List the prime factors of h.
2, 5
Suppose 4*h - 57 - 231 = 0. Suppose h = -0*d + 3*d. Suppose 0 = -4*g + d + 20. List the prime factors of g.
11
Let h = 77 - 45. What are the prime factors of h?
2
Suppose -2*v = -14 - 112. What are the prime factors of v?
3, 7
List the prime factors of (9/(-5))/(5/(-125)).
3, 5
Suppose 3*o - 84 = -0*o. Suppose m - o + 0 = 0. List the prime factors of m.
2, 7
What are the prime factors of 45/7 - 4/(-7)?
7
Let i be 105/25 - 1/5. Suppose 0 = i*d - 32 - 28. List the prime factors of d.
3, 5
Let c = 7 + -4. Suppose -c + 51 = 4*k. Suppose -2*l - y - k = 3*y, -3 = -2*l - y. What are the prime factors of l?
2
Suppose 3*s - 9 = 4*t - 2, -15 = -3*s. Suppose -a = t*a. Suppose 3*h - 2 - 28 = a. List the prime factors of h.
2, 5
Suppose z + 16 = 5*v, 0 = -3*z - 0*v + 3*v. Suppose -z*o - 12 - 40 = 5*a, 28 = -4*o + a. What are the prime factors of -1 - (-4)/(o/(-42))?
2, 5
Suppose 4*f - 882 - 114 = 0. List the prime factors of f/9 + 2/6.
2, 7
Suppose -2*d - 3*d - 35 = 0. Suppose -5*g + 28 = -3*g. Let o = g + d. What are the prime factors of o?
7
Let f be (-3 - 0)/(-5 + 6). What are the prime factors of -14*f/6 + 2?
3
Suppose -h = 2*h - 15. Let t = -10 + 15. List the prime factors of h/1 + (4 - t).
2
Let v = 1 - -44. List the prime factors of v.
3, 5
Let m be (-4)/18 - (-20)/9. Suppose 2*y - y - 5 = 0. Let h = y - m. List the prime factors of h.
3
Let c(m) = 2*m - 2 + m**3 + 1 - 3*m + 4*m**2. Let r be c(-4). Suppose f - r = 2. List the prime factors of f.
5
Suppose -2*m + j + 159 - 65 = 0, 3*j - 178 = -4*m. What are the prime factors of m?
2, 23
Let m be 18 + (-3)/((-9)/(-6)). Suppose 0 = 3*g + 5*u - m, -5*g - u + 18 = 3*u. What are the prime factors of -2 + (g - 2 - -8)?
2, 3
Let g be 2/(3/3) + 6. Let b be 1 + (1 - 0 - g). Let j(t) = -t**3 - 7*t**2 - 7*t. List the prime factors of j(b).
2, 3
Suppose -4*s = -2*p - 2*s + 122, 5*p = 2*s + 299. List the prime factors of p.
59
Suppose 18 + 100 = 2*t. Suppose 5*j - 96 = t. List the prime factors of j.
31
Let a(m) = m**2 - 6*m - 49. List the prime factors of a(-11).
2, 3, 23
Let h = 40 + -13. Let z = h - 16. List the prime factors of z.
11
Suppose 1 = -n - 4. Let i be ((-2)/6)/((-3)/(-45)). List the prime factors of i/1*5/n.
5
Let j be 3/(-2)*2/3. Let p = 12 + j. List the prime factors of p.
11
List the prime factors of (-1 - -11)*6/4.
3, 5
Let g(o) = -3*o + 2. Let j be g(-2). Let l be j/(-28) + (-37)/(-7). Suppose -5*x - 2*f = -35, 3*x + l*f - 24 = -3. List the prime factors of x.
7
Suppose c - 4*c = -135. What are the prime factors of c?
3, 5
Let t = 586 - 400. What are the prime factors of t?
2, 3, 31
Let b(j) = -5*j**3 - j**2 - 2*j - 1. Let c be b(-1). Let d = 40 - c. What are the prime factors of d?
5, 7
What are the prime factors of (-2)/(-3) - (-271)/3?
7, 13
List the prime factors of (8/2 + -358)*-1 - -4.
2, 179
Let t be (-1 + 2)/(2/14). Suppose 5*p - h = t + 9, -11 = -3*p + 2*h. What are the prime factors of p?
3
Let u(x) = x**3 - 4*x**2 - 4*x + 1. Let t be u(5). Let g = t - 2. Suppose 2*r - 5*b = 7*r - 65, -g*r + 55 = 5*b. What are the prime factors of r?
2, 5
Suppose -2*s + 2 - 12 = 0. What are the prime factors of (-2)/(((-15)/(-18))/s)?
2, 3
List the prime factors of (0 + -78)*(-4)/12.
2, 13
Suppose -2*n = -3*i - 25 + 10, 0 = 3*i + 9. Let u = n + 4. List the prime factors of u.
7
Let n(w) = w**2 + 8*w + 6. Let m be n(-6). Let b be (108/(-30))/(m/20). Let g = -5 + b. What are the prime factors of g?
7
Let x = -14 + 18. What are the prime factors of ((-132)/x)/(0 + -1)?
3, 11
Let x = 3 + -3. Suppose x = -5*h + 5 - 25. Let i = -2 - h. What are the prime factors of i?
2
Let l(q) = q**3 + 4*q**2 - 6*q + 2. Let g be l(-5). Suppose -2*j + 2*s + g = 1, -21 = 5*j + 4*s. Let w = j + 4. List the prime factors of w.
3
Let f(q) = -q + 1 - 3 - 7*q. Let a be f(-5). Suppose y + 2*y - c - 26 = 0, 4*y - a = 2*c. List the prime factors of y.
7
Suppose -28*p + 29*p - 143 = 0. List the prime factors of p.
11, 13
Let p(s) = s**3 - s**2 - 2*s - 1. List the prime factors of p(4).
3, 13
Let c(v) = -5*v**3 + 10*v**2 - 2*v - 1. Let u(t) = 2*t**3 - 5*t**2 + t + 1. Let f(o) = 3*c(o) + 7*u(o). What are the prime factors of f(-6)?
2, 17
Let d(m) = m**2 + 7*m - 13. Let f be d(-9). Suppose 6*s - 4*s = -6, 0 = x + s - f. What are the prime factors of 0 + -1 - (-136)/x?
2
Let d(h) = -h**3 - 3*h**2 - h + 2. Let u = 1 + -3. Let x be d(u). Suppose 2*s - 8 = -2*m, -4*m + 2*s + 16 + 18 = x. What are the prime factors of m?
7
Let y(g) = g**2 + 4*g + 5. Let v be 10*(-1)/2*1. List the prime factors of y(v).
2, 5
Let i(g) = -3*g**2 + g + 22. Let o(l) = 4*l**2 - 2*l - 23. Let x(s) = 3*i(s) + 2*o(s). List the prime factors of x(0).
2, 5
Suppose 0 = 5*q + 2*b + b - 7, -3*q + b + 7 = 0. Let y(c) = -4 + 1 + 4*c - 2 - q. List the prime factors of y(5).
13
Suppose -h + 2*j = 3 - 0, -2*h - 2 = -2*j. Suppose -g + 2 + h = 0. Suppose 0 = -g*k - 2 + 11. List the prime factors of k.
3
Let v(m) = 4*m**2 - 2*m - 27. List the prime factors of v(5).
3, 7
Suppose -2*z - 24 = 2*z. What are the prime factors of (26/(-4))/(3/z)?
13
Let b be (-69)/(-6) - 6/4. What are the prime factors of ((-16)/b